{"id":61,"date":"2013-01-29T21:44:15","date_gmt":"2013-01-29T18:44:15","guid":{"rendered":"http:\/\/konninkylaseura.net\/wp\/?page_id=61"},"modified":"2025-12-14T21:39:35","modified_gmt":"2025-12-14T19:39:35","slug":"yhteystiedot","status":"publish","type":"page","link":"https:\/\/konninkylaseura.net\/?page_id=61","title":{"rendered":"Yhteystiedot"},"content":{"rendered":"<p align=\"left\"><strong>OTA YHTEYTT\u00c4!<\/strong><\/p>\n<p align=\"left\"><a href=\"https:\/\/www.google.fi\/maps\/place\/K\u00f6nnin+Kyl\u00e4seura+Ry\/@62.7961181,22.570301,617m\/data=!3m1!1e3!4m5!3m4!1s0x0:0xe5eb381c9cfcf69d!8m2!3d62.7959343!4d22.5723177\" target=\"_blank\" rel=\"noopener\"><strong>K\u00f6nnin kyl\u00e4seura<\/strong><\/a><br \/>\n<a href=\"https:\/\/www.google.fi\/maps\/place\/K\u00f6nnin+Kyl\u00e4seura+Ry\/@62.7961181,22.570301,617m\/data=!3m1!1e3!4m5!3m4!1s0x0:0xe5eb381c9cfcf69d!8m2!3d62.7959343!4d22.5723177\" target=\"_blank\" rel=\"noopener\">Harjunm\u00e4entie 165<\/a><br \/>\n<a href=\"https:\/\/www.google.fi\/maps\/place\/K\u00f6nnin+Kyl\u00e4seura+Ry\/@62.7961181,22.570301,617m\/data=!3m1!1e3!4m5!3m4!1s0x0:0xe5eb381c9cfcf69d!8m2!3d62.7959343!4d22.5723177\" target=\"_blank\" rel=\"noopener\">60800 Ilmajoki<\/a><\/p>\n<h2 align=\"left\"><strong>Ensisijainen yhteydenottotapa kyl\u00e4seuralle on s\u00e4hk\u00f6posti konnin.kylaseura@gmail.com<\/strong><\/h2>\n<p>&nbsp;<\/p>\n<p>&nbsp;<\/p>\n<p align=\"left\"><span style=\"font-family: Verdana,Arial,Helvetica,sans-serif;\"><strong>Puheenjohtaja: Matti Kauhanen<\/strong><\/span><br \/>\npuh.<strong> 0<\/strong><strong>505953153 mattiolavikauhanen(at)Gmail.com<\/strong><\/p>\n<p><span style=\"font-family: Verdana,Arial,Helvetica,sans-serif;\"><strong>Sihteeri: Kaija Aspila-Renkola<\/strong><\/span><br \/>\npuh. <span style=\"font-family: Verdana,Arial,Helvetica,sans-serif;\"><strong>0405395604<\/strong> kaija.aspila-(at)netikka.fi<br \/>\n<\/span><\/p>\n<p align=\"left\"><span style=\"font-family: Verdana,Arial,Helvetica,sans-serif;\"><strong>Rahastonhoitaja: Tarja M\u00e4kiniemi<\/strong><\/span><br \/>\npuh. <span style=\"font-family: Verdana,Arial,Helvetica,sans-serif;\"><strong>0407775486<\/strong> tarja.makiniemi1(at)gmail.com<br \/>\n<\/span><\/p>\n<p align=\"left\"><strong>Kyl\u00e4talon varaukset: &nbsp;Ari Hiltunen 0400853223 <\/strong><strong style=\"font-size: revert;\">arihiltunen1970(at)gmail.com<\/strong><\/p>\n<p align=\"left\"><strong>J\u00e4rjestyksenvalvontaan liittyviss\u00e4 asiossa ottakaa yhteytt\u00e4: &nbsp;Juha Iso-Tuisku&nbsp;<\/strong>Puh. &nbsp;&nbsp;<strong>0405700500 &nbsp;&nbsp;<\/strong> tuisku(at)nic.fi<\/p>\n<p align=\"left\">&nbsp;<\/p>\n","protected":false},"excerpt":{"rendered":"<p>OTA YHTEYTT\u00c4! K\u00f6nnin kyl\u00e4seura Harjunm\u00e4entie 165 60800 Ilmajoki Ensisijainen yhteydenottotapa kyl\u00e4seuralle on s\u00e4hk\u00f6posti konnin.kylaseura@gmail.com &nbsp; &nbsp; Puheenjohtaja: Matti Kauhanen puh. 0505953153 mattiolavikauhanen(at)Gmail.com Sihteeri: Kaija Aspila-Renkola puh. 0405395604 kaija.aspila-(at)netikka.fi Rahastonhoitaja: Tarja M\u00e4kiniemi puh. 0407775486 tarja.makiniemi1(at)gmail.com Kyl\u00e4talon varaukset: &nbsp;Ari Hiltunen 0400853223 arihiltunen1970(at)gmail.com J\u00e4rjestyksenvalvontaan liittyviss\u00e4 asiossa ottakaa yhteytt\u00e4: &nbsp;Juha Iso-Tuisku&nbsp;Puh. &nbsp;&nbsp;0405700500 &nbsp;&nbsp; tuisku(at)nic.fi &nbsp;<\/p>\n","protected":false},"author":989899,"featured_media":0,"parent":0,"menu_order":0,"comment_status":"closed","ping_status":"closed","template":"","meta":{"ngg_post_thumbnail":0,"footnotes":""},"class_list":["post-61","page","type-page","status-publish","hentry"],"jetpack_sharing_enabled":true,"_links":{"self":[{"href":"https:\/\/konninkylaseura.net\/index.php?rest_route=\/wp\/v2\/pages\/61","targetHints":{"allow":["GET"]}}],"collection":[{"href":"https:\/\/konninkylaseura.net\/index.php?rest_route=\/wp\/v2\/pages"}],"about":[{"href":"https:\/\/konninkylaseura.net\/index.php?rest_route=\/wp\/v2\/types\/page"}],"author":[{"embeddable":true,"href":"https:\/\/konninkylaseura.net\/index.php?rest_route=\/wp\/v2\/users\/989899"}],"replies":[{"embeddable":true,"href":"https:\/\/konninkylaseura.net\/index.php?rest_route=%2Fwp%2Fv2%2Fcomments&post=61"}],"version-history":[{"count":30,"href":"https:\/\/konninkylaseura.net\/index.php?rest_route=\/wp\/v2\/pages\/61\/revisions"}],"predecessor-version":[{"id":6332,"href":"https:\/\/konninkylaseura.net\/index.php?rest_route=\/wp\/v2\/pages\/61\/revisions\/6332"}],"wp:attachment":[{"href":"https:\/\/konninkylaseura.net\/index.php?rest_route=%2Fwp%2Fv2%2Fmedia&parent=61"}],"curies":[{"name":"wp","href":"https:\/\/api.w.org\/{rel}","templated":true}]}}